15707. What is c(5)?
-13
Let g(a) = 19*a**3 + 209*a**2 + 10*a + 196. What is g(-11)?
86
Let x(w) = 20*w**3 - 14*w**2 - 37*w - 22. Give x(-3).
-577
Let h(u) = -u**3 - 27*u**2 - 572*u - 4348. What is h(-11)?
8
Let y(x) = 2*x**2 - 29*x + 124. What is y(13)?
85
Let t(i) = i**3 - i**2 - 34*i + 10. Determine t(0).
10
Let z(a) = -a**2 - 61*a - 356. Calculate z(-6).
-26
Let t(u) = u**2 - 23*u - 256. Calculate t(32).
32
Let t(d) = d**3 + 32*d**2 + 136*d - 124. Give t(-6).
-4
Let z(y) = 3*y + 38. Give z(7).
59
Let z(i) = i**2 + 165*i + 35. What is z(0)?
35
Let n(d) = -121*d**2 - 37*d - 5. Determine n(-2).
-415
Let z(a) = -4*a**3 - 21*a**2 + 57*a + 315. Give z(-5).
5
Let p(d) = 413*d + 14056. What is p(-34)?
14
Let o(p) = 871*p + 6998. Calculate o(-8).
30
Let q(m) = -m**2 - 85*m - 1753. What is q(-38)?
33
Let q(z) = -2*z**2 - 7*z - 52. Give q(8).
-236
Let p(s) = -2*s**3 - 24*s**2 - 20*s - 90. Determine p(-11).
-112
Let j(i) = -i**2 + 15*i - 75. Give j(10).
-25
Let w(y) = 2*y**3 + 7*y**2 + 11*y + 53. Give w(-4).
-7
Let q(p) = -p**3 + 64*p**2 - 9. Determine q(64).
-9
Let t(i) = -16*i**3 - 16*i**2 + 4*i + 1. Determine t(-1).
-3
Let p(w) = -15*w - 85. What is p(-5)?
-10
Let i(b) = -5*b**2 + 8*b - 10. Give i(2).
-14
Let z(r) = 3*r**3 + 13*r**2 + 19*r - 5. What is z(-4)?
-65
Let b(v) = v**2 - 203*v + 1374. Calculate b(7).
2
Let j(a) = 1075*a + 128976. Determine j(-120).
-24
Let a(z) = 16*z + 387. What is a(-19)?
83
Let r(p) = p**3 + 8*p**2 - 13*p + 2. Calculate r(2).
16
Let h(r) = 4*r**3 - 2*r**2 - 18*r - 6. Determine h(3).
30
Let g(i) = 69*i**3 - i**2 - i - 1. Determine g(-1).
-70
Let j(t) = 139*t + 1783. What is j(-13)?
-24
Let q(m) = m**2 - 11*m + 72. What is q(7)?
44
Let j(q) = -25*q - 1089. Calculate j(-44).
11
Let y(f) = f**3 + 15*f**2 - 17*f - 17. What is y(-16)?
-1
Let c(p) = -3*p - 1. Give c(15).
-46
Let c(u) = 2*u**2 - 84*u - 466. Determine c(44).
-290
Let q(p) = -2*p**3 + 52*p**2 + 58*p - 122. What is q(27)?
-14
Let c(g) = g**2 - 80*g + 596. Calculate c(7).
85
Let g(j) = 7*j**2 - 182*j + 743. Give g(5).
8
Let b(w) = 11*w**2 + 12*w + 24. What is b(-3)?
87
Let a(w) = 2*w**3 + 17*w**2 - 110*w + 17. Calculate a(5).
142
Let z(s) = s**3 - 11*s**2 - 66*s + 2. Give z(14).
-334
Let u(f) = 328*f + 653. Give u(-2).
-3
Let t(b) = 45*b + 3397. Determine t(-75).
22
Let m(u) = u**2 + 304*u + 4875. Calculate m(-17).
-4
Let u(k) = 346*k + 11077. Determine u(-32).
5
Let p(w) = 2*w**2 + 47*w + 11. Calculate p(-24).
35
Let d(y) = -1445*y + 23110. Give d(16).
-10
Let h(g) = -g**2 - 200*g - 782. What is h(-4)?
2
Let d(f) = 125*f - 369. What is d(4)?
131
Let u(d) = -18*d - 1. Determine u(13).
-235
Let j(o) = -10*o - 87. Calculate j(22).
-307
Let w(y) = -6*y**2 - 10*y - 407. Determine w(0).
-407
Let v(t) = -t**3 - 31*t**2 + 311*t - 36. Give v(-39).
3
Let m(i) = -210*i**2 + 10918*i + 89. What is m(52)?
-15
Let p(l) = l**2 - 37*l - 986. What is p(55)?
4
Let f(g) = -458*g - 65965. Give f(-144).
-13
Let t(j) = j**3 - 8*j**2 - 19*j + 63. What is t(9)?
-27
Let m(c) = 12898*c - 219267. Calculate m(17).
-1
Let p(t) = -t**2 - 61*t - 85. Calculate p(0).
-85
Let b(s) = 6*s**2 - 9*s + 3. Give b(-4).
135
Let z(b) = b**2 - 9*b - 1531. Give z(-35).
9
Let i(w) = -w**3 - 46*w**2 + 264*w + 457. Calculate i(-51).
-2
Let g(b) = -6*b**3 + 2*b**2 - 4*b + 7. Calculate g(3).
-149
Let b(t) = -179*t + 4833. Give b(27).
0
Let h(d) = 2*d**3 - 10*d**2 - 19*d + 138. Calculate h(5).
43
Let s(w) = -w**3 - 8*w - 57. Determine s(6).
-321
Let m(y) = -27*y**2 + 350*y + 25. Calculate m(13).
12
Let s(c) = -c**2 + 53*c + 766. Calculate s(-14).
-172
Let p(c) = 2*c**3 + 21*c**2 + 7*c - 33. Calculate p(-10).
-3
Let w(l) = -l**3 - 32*l**2 + 112*l - 11. Determine w(3).
10
Let f(i) = -i**3 - 17*i**2 + 29*i + 77. Determine f(-18).
-121
Let j(g) = -94*g + 873. Determine j(10).
-67
Let d(f) = 60*f + 71. Give d(-6).
-289
Let v(t) = 2*t**2 + 98*t + 832. Determine v(-38).
-4
Let u(h) = -h**3 - 32*h**2 - 35*h + 12. Determine u(-31).
136
Let l(a) = -3*a**2 + 1226*a - 15057. What is l(396)?
-9
Let g(s) = 2*s**3 + 16*s**2 - 7*s - 66. Give g(-8).
-10
Let w(m) = -m**2 - 36*m - 315. What is w(-15)?
0
Let k(n) = -287*n + 543. Calculate k(2).
-31
Let v(a) = -a**3 - 29*a**2 - 224*a + 74. What is v(-12)?
314
Let w(j) = -8*j - 350. Determine w(-39).
-38
Let v(d) = d**2 - 162*d - 5107. Calculate v(189).
-4
Let m(r) = -44*r + 4557. What is m(105)?
-63
Let k(d) = 6*d**2 + 55*d + 105. Calculate k(-2).
19
Let r(i) = -i**3 + 12*i**2 - 76*i + 909. What is r(12)?
-3
Let p(c) = -c**3 - 26*c**2 - 105*c - 10. Give p(-21).
-10
Let l(c) = 329*c + 9498. What is l(-29)?
-43
Let c(o) = -18*o + 16. Give c(-8).
160
Let a(u) = -u**3 + 51*u**2 - 189*u + 48. Determine a(47).
1
Let y(a) = 104*a - 250. Calculate y(3).
62
Let r(q) = 15*q**2 - 162*q - 205. Give r(12).
11
Let n(b) = -3*b**2 + 1577*b + 11187. Calculate n(-7).
1
Let u(v) = 4*v - 87. Determine u(11).
-43
Let x(w) = 1355*w + 23037. Determine x(-17).
2
Let z(a) = -33*a - 376. Calculate z(13).
-805
Let w(s) = 517*s - 17577. What is w(34)?
1
Let c(t) = -t**3 + 8*t**2 - t - 50. Determine c(6).
16
Let p(a) = -a**3 - 9*a**2 - 8*a + 64. Determine p(-6).
4
Let l(h) = -h**3 + h**2 + 53*h + 9. Give l(6).
147
Let u(i) = -67*i + 3278. Calculate u(49).
-5
Let d(r) = r**2 - 80*r + 1220. What is d(56)?
-124
Let u(j) = 274*j**2 + 3*j - 5. Calculate u(2).
1097
Let u(k) = -120*k - 3367. Determine u(-28).
-7
Let z(s) = -s**2 + 330*s + 7018. Determine z(-20).
18
Let i(j) = 3*j**2 - 7*j - 1425. Give i(23).
1
Let i(c) = 17*c + 121. Calculate i(-7).
2
Let f(h) = -h**2 + 33*h - 72. Calculate f(28).
68
Let j(g) = 3*g**3 - g**2 + 9*g + 35. What is j(-4)?
-209
Let r(n) = -48*n + 3170. Calculate r(66).
2
Let c(o) = 2*o**3 - 5*o**2 + 5*o - 88. Calculate c(0).
-88
Let w(x) = 32*x + 796. Give w(-24).
28
Let b(x) = -23*x**2 + 84*x. What is b(4)?
-32
Let b(s) = -720*s - 2884. Determine b(-4).
-4
Let q(c) = -3*c**2 + 54*c - 13. What is q(20)?
-133
Let t(c) = -7*c**3 - 36*c**2 + 4*c + 6. Give t(-6).
198
Let k(x) = -39*x + 790. Give k(33).
-497
Let z(d) = 49*d**2 - 5*d + 3. Calculate z(1).
47
Let a(c) = -c**2 - 221*c - 12005. Calculate a(-125).
-5
Let b(u) = -u**2 - 60*u + 594. Give b(-71).
-187
Let u(j) = 4*j**3 - 61*j**2 - 12*j - 10. Give u(16).
566
Let g(o) = -22*o - 366. What is g(-16)?
-14
Let v(x) = -x**3 - 19*x**2 - 14*x + 393. Determine v(-17).
53
Let y(v) = -v**3 - 67*v**2 + 3*v + 149. Determine y(-67).
-52
Let p(w) = 15838*w + 269252. Determine p(-17).
6
Let q(x) = 3*x**3 + 185*x**2 - 63*x - 42. Determine q(-62).
20
Let g(p) = -3*p**3 + 49*p**2 + 92*p - 36. Calculate g(18).
0
Let k(i) = 108575*i + 217156. Give k(-2).
6
Let j(s) = -2*s**2 + 179*s - 1589. Calculate j(10).
1
Let x(s) = -4*s**2 - 164*s + 2335. Calculate x(-52).
47
Let y(s) = -s**3 + 5*s**2 + 68*s + 19. Calculate y(-6).
7
Let v(w) = 4*w**2 - 11*w - 81. What is v(-5)?
74
Let r(a) = -78*a**2 + 5*a + 1. Give r(-1).
-82
Let l(g) = 2*g - 18. Determine l(-8).
-34
Let l(u) = -2*u**2 + 164*u + 385. Determine l(84).
49
Let a(j) = 17*j - 77. Calculate a(-21).
-434
Let z(t) = -54*t + 757. Give z(14).
1
Let i(j) = -390*j - 2329. Give i(-7).
401
Let q(h) = 98*h + 1169. What is q(-12)?
-7
Let u(o) = -38*o - 880. What is u(-19)?
-158
Let f(y) = -47*y - 2. Determine f(0).
-2
Let m(v) = -11*v + 64. Calculate m(-5).
119
Let v(u) = -u**2 + 60*u - 712. Determine v(43).
19
Let l(i) = 14*i + 1224. Calculate l(-89).
-22
Let v(y) = 3*y**2 - 26*y - 55. Calculate v(-2).
9
Let a(v) = -4*v**3 + 2*v**2 + 72*v + 147. Give a(-2).
43
Let u(j) = -j**3 - 3*j**2 + 810*j - 3131. Give u(4).
-3
Let v(c) = 553*c + 15489. Calculate v(-28).
5
Let j(m) = m**3 - 36*m - 8. Determine j(6).
-8
Let i(k) = 25*k - 77. Determine i(-22).
-627
Let s(d) = 58*d**3 + 3*d**2 - 2*d - 2. Give s(-1).
-55
Let x(s) = 856*s - 864. Calculate x(1).
-8
Let k(l) = 2*l**2 + 4*l - 98. Give k(-9).
28
Let b(l) = 3*l**3 + 5*l**2 - 21*l + 2. Give b(2).
4
Let f(x) = -15*x**3 - x**2 - 2*x + 2. What is f(1)?
-16
Let k(q) = q**3 + 24*q**2 + 17*q + 8. Calculate k(-23).
146
Let s(r) = -r**3 + 28*r**2 - 76*r + 19. What is s(25)?
-6
Let c(d) = -d**3 + 10*d**2 + 28*d - 184. Determine c(11).
3
Let b(p) = p**3 - 19*p**2 - 41*p + 108. Determine b(21).
129
Let k(n) = 334*n - 2999. Determine k(9).
7
Let f(u) = 178*u + 12645. Give f(-71).
7
